 divided by 22.
11
Calculate the remainder when 715 is divided by 131.
60
Calculate the remainder when 624 is divided by 99.
30
What is the remainder when 4555 is divided by 93?
91
What is the remainder when 29 is divided by 5?
4
What is the remainder when 1697 is divided by 19?
6
Calculate the remainder when 30508 is divided by 9.
7
What is the remainder when 276 is divided by 9?
6
What is the remainder when 429 is divided by 193?
43
What is the remainder when 58 is divided by 14?
2
Calculate the remainder when 58 is divided by 4.
2
What is the remainder when 983 is divided by 58?
55
What is the remainder when 3230 is divided by 66?
62
Calculate the remainder when 1991 is divided by 995.
1
Calculate the remainder when 14 is divided by 4.
2
What is the remainder when 15592 is divided by 13?
5
Calculate the remainder when 16 is divided by 12.
4
Calculate the remainder when 595 is divided by 51.
34
Calculate the remainder when 620 is divided by 128.
108
Calculate the remainder when 43 is divided by 33.
10
What is the remainder when 837 is divided by 93?
0
Calculate the remainder when 657 is divided by 15.
12
What is the remainder when 972 is divided by 81?
0
Calculate the remainder when 271 is divided by 12.
7
What is the remainder when 1092 is divided by 81?
39
Calculate the remainder when 50758 is divided by 180.
178
What is the remainder when 112 is divided by 37?
1
What is the remainder when 1174 is divided by 62?
58
What is the remainder when 454 is divided by 95?
74
What is the remainder when 2572 is divided by 853?
13
What is the remainder when 70 is divided by 18?
16
Calculate the remainder when 207 is divided by 94.
19
What is the remainder when 213 is divided by 64?
21
What is the remainder when 429 is divided by 115?
84
What is the remainder when 16494 is divided by 29?
22
What is the remainder when 5303 is divided by 68?
67
What is the remainder when 135 is divided by 36?
27
Calculate the remainder when 67 is divided by 41.
26
Calculate the remainder when 3208 is divided by 60.
28
Calculate the remainder when 3013 is divided by 302.
295
Calculate the remainder when 93 is divided by 40.
13
Calculate the remainder when 201 is divided by 180.
21
Calculate the remainder when 484 is divided by 271.
213
Calculate the remainder when 6919 is divided by 29.
17
What is the remainder when 2016 is divided by 402?
6
What is the remainder when 71 is divided by 35?
1
Calculate the remainder when 583 is divided by 39.
37
Calculate the remainder when 182 is divided by 24.
14
What is the remainder when 2110 is divided by 7?
3
What is the remainder when 453 is divided by 26?
11
Calculate the remainder when 1186 is divided by 44.
42
What is the remainder when 16 is divided by 14?
2
Calculate the remainder when 318 is divided by 133.
52
Calculate the remainder when 5667 is divided by 31.
25
Calculate the remainder when 21 is divided by 21.
0
Calculate the remainder when 1718 is divided by 41.
37
What is the remainder when 583 is divided by 100?
83
Calculate the remainder when 24 is divided by 13.
11
What is the remainder when 214 is divided by 6?
4
What is the remainder when 39 is divided by 7?
4
What is the remainder when 323 is divided by 104?
11
Calculate the remainder when 1649 is divided by 329.
4
What is the remainder when 221 is divided by 109?
3
What is the remainder when 117 is divided by 57?
3
Calculate the remainder when 180 is divided by 31.
25
What is the remainder when 351 is divided by 88?
87
What is the remainder when 5311 is divided by 156?
7
Calculate the remainder when 397 is divided by 19.
17
Calculate the remainder when 1431 is divided by 126.
45
Calculate the remainder when 504 is divided by 21.
0
What is the remainder when 2417 is divided by 13?
12
What is the remainder when 3310 is divided by 72?
70
What is the remainder when 134 is divided by 78?
56
What is the remainder when 248 is divided by 75?
23
Calculate the remainder when 817 is divided by 10.
7
What is the remainder when 50 is divided by 48?
2
Calculate the remainder when 516 is divided by 10.
6
Calculate the remainder when 415 is divided by 108.
91
What is the remainder when 148 is divided by 23?
10
What is the remainder when 740 is divided by 39?
38
Calculate the remainder when 907 is divided by 295.
22
What is the remainder when 405 is divided by 24?
21
Calculate the remainder when 905 is divided by 152.
145
Calculate the remainder when 1154 is divided by 104.
10
What is the remainder when 310 is divided by 63?
58
What is the remainder when 6171 is divided by 126?
123
Calculate the remainder when 1834 is divided by 12.
10
Calculate the remainder when 246 is divided by 81.
3
What is the remainder when 1150 is divided by 34?
28
What is the remainder when 63 is divided by 34?
29
Calculate the remainder when 582 is divided by 82.
8
Calculate the remainder when 163 is divided by 21.
16
What is the remainder when 189 is divided by 170?
19
What is the remainder when 188 is divided by 59?
11
Calculate the remainder when 1216 is divided by 29.
27
What is the remainder when 47 is divided by 23?
1
Calculate the remainder when 2116 is divided by 59.
51
What is the remainder when 38 is divided by 2?
0
Calculate the remainder when 293 is divided by 49.
48
Calculate the remainder when 652 is divided by 164.
160
Calculate the remainder when 2660 is divided by 21.
14
Calculate the remainder when 192 is divided by 39.
36
What is the remainder when 172 is divided by 12?
4
What is the remainder when 108 is divided by 16?
12
Calculate the remainder when 86 is divided by 85.
1
What is the remainder when 514 is divided by 101?
9
What is the remainder when 56 is divided by 6?
2
Calculate the remainder when 2645 is divided by 18.
17
What is the remainder when 322 is divided by 8?
2
Calculate the remainder when 87 is divided by 9.
6
What is the remainder when 949 is divided by 473?
3
What is the remainder when 1691 is divided by 42?
11
What is the remainder when 293 is divided by 20?
13
Calculate the remainder when 9513 is divided by 26.
23
What is the remainder when 100 is divided by 31?
7
Calculate the remainder when 275 is divided by 86.
17
Calculate the remainder when 1330 is divided by 151.
122
What is the remainder when 367 is divided by 69?
22
Calculate the remainder when 169 is divided by 66.
37
What is the remainder when 753 is divided by 42?
39
What is the remainder when 420 is divided by 140?
0
What is the remainder when 244 is divided by 8?
4
What is the remainder when 13319 is divided by 37?
36
Calculate the remainder when 4742 is divided by 42.
38
What is the remainder when 84 is divided by 17?
16
What is the remainder when 1546 is divided by 82?
70
What is the remainder when 147 is divided by 20?
7
What is the remainder when 97 is divided by 20?
17
Calculate the remainder when 17 is divided by 11.
6
What is the remainder when 29 is divided by 19?
10
Calculate the remainder when 10318 is divided by 86.
84
Calculate the remainder when 259 is divided by 77.
28
Calculate the remainder when 1396 is divided by 60.
16
What is the remainder when 1592 is divided by 1591?
1
What is the remainder when 171 is divided by 8?
3
Calculate the remainder when 2571 is divided by 62.
29
What is the remainder when 1268 is divided by 419?
11
Calculate the remainder when 57 is divided by 32.
25
What is the remainder when 181 is divided by 54?
19
What is the remainder when 1431 is divided by 16?
7
Calculate the remainder when 561 is divided by 185.
6
Calculate the remainder when 450 is divided by 309.
141
What is the remainder when 1351 is divided by 33?
31
Calculate the remainder when 107 is divided by 77.
30
Calculate the remainder when 1393 is divided by 81.
16
Calculate the remainder when 4027 is divided by 805.
2
Calculate the remainder when 82 is divided by 12.
10
Calculate the remainder when 71 is divided by 9.
8
Calculate the remainder when 366 is divided by 99.
69
Calculate the remainder when 370 is divided by 6.
4
Calculate the remainder when 301 is divided by 75.
1
What is the remainder when 1454 is divided by 185?
159
Calculate the remainder when 4619 is divided by 33.
32
What is the remainder when 1318 is divided by 76?
26
What is the remainder when 124 is divided by 43?
38
What is the